prime factors of 105054.
2, 3, 17509
What are the prime factors of 5724373?
5724373
What are the prime factors of 51242?
2, 25621
List the prime factors of 2983968.
2, 3, 13, 797
What are the prime factors of 255963?
3, 41, 2081
List the prime factors of 146.
2, 73
List the prime factors of 309018.
2, 3, 51503
What are the prime factors of 6167220?
2, 3, 5, 23, 41, 109
What are the prime factors of 220439?
17, 12967
List the prime factors of 4941186.
2, 3, 17, 193, 251
List the prime factors of 1815773.
19, 227, 421
List the prime factors of 10813601.
2539, 4259
List the prime factors of 7387542.
2, 3, 19, 21601
List the prime factors of 650182.
2, 13, 17, 1471
List the prime factors of 63162.
2, 3, 11, 29
List the prime factors of 627005.
5, 89, 1409
What are the prime factors of 20911466?
2, 10455733
What are the prime factors of 2323203?
3, 17, 45553
List the prime factors of 132866.
2, 31, 2143
What are the prime factors of 215456?
2, 6733
What are the prime factors of 19558872?
2, 3, 271651
What are the prime factors of 730592?
2, 17, 79
What are the prime factors of 1004480?
2, 5, 43, 73
List the prime factors of 1282825.
5, 23, 97
List the prime factors of 2276567.
2276567
List the prime factors of 959516.
2, 239879
List the prime factors of 501286.
2, 250643
List the prime factors of 170961.
3, 7, 1163
List the prime factors of 198273.
3, 29, 43, 53
What are the prime factors of 80248?
2, 7, 1433
List the prime factors of 109798.
2, 13, 41, 103
What are the prime factors of 398140?
2, 5, 17, 1171
What are the prime factors of 23728965?
3, 5, 13, 121687
What are the prime factors of 7725944?
2, 31, 31153
What are the prime factors of 4696225?
5, 37, 5077
What are the prime factors of 1219554?
2, 3, 7, 9679
List the prime factors of 24287229.
3, 31, 29017
List the prime factors of 1056866.
2, 528433
What are the prime factors of 293032?
2, 36629
List the prime factors of 270847.
31, 8737
What are the prime factors of 149203?
31, 4813
List the prime factors of 116923.
116923
What are the prime factors of 98224?
2, 7, 877
What are the prime factors of 666275?
5, 29, 919
List the prime factors of 21374875.
5, 307, 557
What are the prime factors of 2509261?
239, 10499
List the prime factors of 252263.
11, 17, 19, 71
What are the prime factors of 260295?
3, 5, 7, 37, 67
List the prime factors of 1369203.
3, 11, 41491
List the prime factors of 349732.
2, 87433
What are the prime factors of 3119519?
13, 239963
List the prime factors of 2234321.
53, 42157
What are the prime factors of 273260?
2, 5, 13, 1051
List the prime factors of 200814.
2, 3, 33469
What are the prime factors of 1370113?
1370113
What are the prime factors of 443561?
443561
What are the prime factors of 3097625?
5, 24781
What are the prime factors of 431731?
431731
List the prime factors of 603520.
2, 5, 23, 41
What are the prime factors of 241492?
2, 60373
What are the prime factors of 2291627?
13, 409, 431
What are the prime factors of 3400?
2, 5, 17
List the prime factors of 10792555.
5, 107, 20173
List the prime factors of 85741.
179, 479
List the prime factors of 7002806.
2, 163, 21481
What are the prime factors of 8208286?
2, 23, 178441
What are the prime factors of 1621189?
811, 1999
What are the prime factors of 5706589?
7, 116461
What are the prime factors of 2197774?
2, 643, 1709
What are the prime factors of 98442?
2, 3, 1823
List the prime factors of 1104243.
3, 7, 52583
List the prime factors of 167692.
2, 7, 53, 113
What are the prime factors of 28094140?
2, 5, 983, 1429
List the prime factors of 568820.
2, 5, 7, 17, 239
List the prime factors of 4044902.
2, 1321, 1531
List the prime factors of 4922335.
5, 11, 31, 2887
What are the prime factors of 16467761?
311, 52951
List the prime factors of 8741265.
3, 5, 13, 23, 1949
List the prime factors of 83598.
2, 3, 13933
List the prime factors of 5477764.
2, 41, 127, 263
List the prime factors of 1222804.
2, 11, 27791
List the prime factors of 152933.
11, 13903
What are the prime factors of 15825135?
3, 5, 47, 22447
What are the prime factors of 18102874?
2, 9051437
List the prime factors of 2402271.
3, 193, 461
List the prime factors of 947129.
947129
What are the prime factors of 6603441?
3, 13, 169319
List the prime factors of 2562495.
3, 5, 13, 17, 773
What are the prime factors of 804477?
3, 229, 1171
List the prime factors of 307973.
263, 1171
List the prime factors of 373015.
5, 61, 1223
List the prime factors of 382320.
2, 3, 5, 59
What are the prime factors of 286113?
3, 283, 337
What are the prime factors of 1120436?
2, 17, 16477
List the prime factors of 1715639.
23, 97, 769
List the prime factors of 28145.
5, 13, 433
What are the prime factors of 11479811?
7, 17, 96469
List the prime factors of 4226494.
2, 67, 31541
What are the prime factors of 935450?
2, 5, 53, 353
List the prime factors of 14667251.
71, 337, 613
List the prime factors of 470338.
2, 11, 21379
List the prime factors of 909628.
2, 227407
What are the prime factors of 21012102?
2, 3, 17, 47, 487
What are the prime factors of 382350?
2, 3, 5, 2549
List the prime factors of 1337965.
5, 267593
List the prime factors of 119418.
2, 3, 13, 1531
What are the prime factors of 5198012?
2, 43, 47, 643
List the prime factors of 3765365.
5, 379, 1987
List the prime factors of 2910206.
2, 13, 173, 647
What are the prime factors of 3806489?
43, 88523
What are the prime factors of 1658015?
5, 331603
What are the prime factors of 35665012?
2, 29, 131, 2347
List the prime factors of 282313.
282313
What are the prime factors of 792355?
5, 37, 4283
List the prime factors of 2179962.
2, 3, 163, 743
List the prime factors of 2708206.
2, 797, 1699
List the prime factors of 2326604.
2, 7, 83093
List the prime factors of 25823357.
7, 17, 217003
List the prime factors of 661260.
2, 3, 5, 103, 107
List the prime factors of 1131609.
3, 29, 13007
List the prime factors of 2455685.
5, 491137
What are the prime factors of 121145?
5, 24229
What are the prime factors of 172596?
2, 3, 19, 757
List the prime factors of 13618461.
3, 23, 197369
What are the prime factors of 1729994?
2, 7, 127, 139
List the prime factors of 368204.
2, 92051
List the prime factors of 1207930.
2, 5, 199, 607
List the prime factors of 15026619.
3, 5008873
What are the prime factors of 843730?
2, 5, 139, 607
What are the prime factors of 12391762?
2, 19, 326099
What are the prime factors of 25696249?
71, 361919
List the prime factors of 7231131.
3, 23, 181, 193
What are the prime factors of 184466?
2, 92233
List the prime factors of 1603014.
2, 3, 7, 38167
What are the prime factors of 3816152?
2, 477019
What are the prime factors of 228012?
2, 3, 19001
List the prime factors of 969706.
2, 484853
What are the prime factors of 5445873?
3, 73, 307
List the prime factors of 131277.
3, 43759
What are the prime factors of 707370?
2, 3, 5, 17, 19, 73
What are the prime factors of 22696?
2, 2837
List the prime factors of 240694.
2, 151, 797
List the prime factors of 441994.
2, 7, 131, 241
List the prime factors of 179919.
3, 19991
What are the prime factors of 5239942?
2, 71, 36901
What are the prime factors of 5635062?
2, 3, 241, 433
What are the prime factors of 19552975?
5, 13, 17, 3539
What are the prime factors of 8624254?
2, 131, 32917
What are the prime factors of 10128699?
3, 7, 53591
List the prime factors of 6103520.
2, 5, 37, 1031
What are the prime factors of 919788?
2, 3, 76649
List the prime factors of 2595231.
3, 288359
What are the prime factors of 8517227?
79, 131, 823
What are the prime factors of 263652?
2, 3, 127, 173
What are the prime factors of 157854?
2, 3, 26309
List the prime factors of 3022076.
2, 439, 1721
What are the prime factors of 1031719?
13, 19, 4177
List the prime factors of 1327319.
7, 189617
List the prime factors of 30739926.
2, 3, 7, 43, 17021
List the prime factors of 22653717.
3, 103, 167, 439
List the prime factors of 209022.
2, 3, 11, 3167
List the prime factors of 4605010.
2, 5, 191, 2411
What are the prime factors of 374871?
3, 7, 17851
What are the prime factors of 319386?
2, 3, 53231
List the prime factors of 32222004.
2, 3, 17, 157951
What are the prime factors of 295170?
2, 3, 5, 9839
What are the prime factors of 2469575?
5, 173, 571
What are the pr